In base 6, what is -505020 - -100?
-504520
In base 16, what is -4 - c68107?
-c6810b
In base 9, what is 160 + 4284?
4454
In base 8, what is 350407 + 275?
350704
In base 12, what is 45707869 + -4?
45707865
In base 4, what is -333131023 - -10023?
-333121000
In base 12, what is -9a - -b3707?
b3629
In base 6, what is 10443010 + -21552?
10421014
In base 6, what is -5 - 13304355134?
-13304355143
In base 5, what is -1143 - 12413413?
-12420111
In base 12, what is -105460 - a3?
-105543
In base 11, what is -20504796 - 0?
-20504796
In base 8, what is -3 - -705?
702
In base 2, what is -101001000011000110 - 1110110?
-101001000100111100
In base 5, what is -141 - -23331413?
23331222
In base 15, what is -59854d + 27?
-598526
In base 6, what is 30 - -154422002?
154422032
In base 5, what is 304210143 + 2?
304210200
In base 5, what is 1234 + 102203310?
102210044
In base 6, what is 25 + -2055343?
-2055314
In base 8, what is -45611 + 2376?
-43213
In base 7, what is 13 - -102412242?
102412255
In base 4, what is -3 - -2132203103?
2132203100
In base 9, what is -60876 - -70?
-60806
In base 7, what is 346132 - -1243?
350405
In base 5, what is -32231 + 34332?
2101
In base 8, what is -1406600654 - -3?
-1406600651
In base 7, what is 51232 + -1113?
50116
In base 4, what is 22113022010 + -11?
22113021333
In base 7, what is -4 + 65110065?
65110061
In base 15, what is -2 + -eb07b?
-eb07d
In base 6, what is 3 - -112223102?
112223105
In base 12, what is 85 - 26517ba?
-2651735
In base 14, what is -74 + 175d4?
17560
In base 4, what is -1003111 - 2132312?
-3202023
In base 16, what is 25a + 207?
461
In base 16, what is -9 + -85b7e?
-85b87
In base 15, what is c1 + -37356?
-37285
In base 4, what is 11000033012301 - -1?
11000033012302
In base 5, what is -2341230424 + 4?
-2341230420
In base 11, what is 1 + -11476936?
-11476935
In base 11, what is -13 + -40786a73?
-40786a86
In base 6, what is 325 + 5320500?
5321225
In base 2, what is -110111101100101 - 111011?
-110111110100000
In base 7, what is 532036 + -15413?
513323
In base 9, what is -127512 - -1731?
-125671
In base 15, what is 353b - -9797?
ccd3
In base 10, what is 42896 + -3827?
39069
In base 13, what is -3ab - -5542?
5164
In base 3, what is -12 + -220210222120201?
-220210222120220
In base 14, what is 5273 - 828d?
-301a
In base 9, what is 14012326 - 4?
14012322
In base 3, what is -100010211 + -220?
-100011201
In base 12, what is 2a2 - -217ab?
21a91
In base 13, what is 3a8 + -126c2?
-12317
In base 15, what is -397641e - 2?
-3976421
In base 7, what is -12234431 - -24?
-12234404
In base 7, what is 2 - -1544603054?
1544603056
In base 16, what is 4164 - 42f?
3d35
In base 11, what is -19a - 270404?
-2705a3
In base 10, what is 54171 - 7?
54164
In base 3, what is -21 + 12122022022102021?
12122022022102000
In base 6, what is 45 - 433340032?
-433335543
In base 2, what is 110010 - 10101101000010110?
-10101100111100100
In base 9, what is 37274318 + 4?
37274323
In base 11, what is 6450 - 13a?
6311
In base 2, what is -11 - -1011001110010000000001010?
1011001110010000000000111
In base 5, what is -22433311034 - 12?
-22433311101
In base 12, what is -4 - 3494614?
-3494618
In base 10, what is 1279467 + 5?
1279472
In base 9, what is 358 + -148845?
-148476
In base 9, what is -506503 + -58?
-506562
In base 9, what is 2518 - -155136?
157655
In base 4, what is 2 + 2030023221?
2030023223
In base 7, what is -1335112 - -26?
-1335053
In base 14, what is -267cc + 405?
-263c7
In base 9, what is 28 + -6105162?
-6105133
In base 16, what is 92a838 - -4?
92a83c
In base 7, what is 5324436 + 1?
5324440
In base 5, what is 1111010110 - 22?
1111010033
In base 16, what is -a4b81 + -3?
-a4b84
In base 4, what is -233113 - -310121?
11002
In base 4, what is 220 - -101112223?
101113103
In base 8, what is -40 - 6271173?
-6271233
In base 16, what is 1447 + 4d11?
6158
In base 8, what is -121 - 1551611?
-1551732
In base 8, what is -10212026 + 104?
-10211722
In base 6, what is -10430042 + -3021?
-10433103
In base 15, what is 21a91 + 4d?
21ade
In base 9, what is -568 + -1485643?
-1486322
In base 13, what is 1166 - 143?
1023
In base 8, what is 2 + 3131273214?
3131273216
In base 7, what is 232122422 - 2?
232122420
In base 4, what is -1200231000 + 2302?
-1200222032
In base 8, what is -44222 - 3561?
-50003
In base 10, what is 12271 - -108?
12379
In base 4, what is -100132200 - 1133?
-100133333
In base 16, what is -f80 + 63?
-f1d
In base 5, what is -1420322 - 3323?
-1424200
In base 3, what is -122 + 2100010121212?
2100010121020
In base 9, what is -507 - -1402365?
1401757
In base 7, what is -511 - 226305?
-230116
In base 12, what is 104b3b - -4?
104b43
In base 14, what is -4a24 - 5011?
-9a35
In base 6, what is 150 - -5323332?
5323522
In base 3, what is -2012001101222011 + -11?
-2012001101222022
In base 7, what is 31255410 + -3?
31255404
In base 8, what is -115703 + -6100?
-124003
In base 14, what is 8 + 34c491a?
34c4924
In base 10, what is 3 - 233272812?
-233272809
In base 4, what is 3302032031 - 30?
3302032001
In base 6, what is -11222331 - -133?
-11222154
In base 15, what is b - -25d7cb?
25d7d7
In base 11, what is -51 + -22468?
-22509
In base 10, what is -41 - -28498?
28457
In base 9, what is 6104024 - 0?
6104024
In base 10, what is -16558 + 15096?
-1462
In base 10, what is -5 - -52857539?
52857534
In base 6, what is 1131454 + -130?
1131324
In base 10, what is -209849 - 46?
-209895
In base 13, what is -9307 + -2ca?
-9604
In base 8, what is -12323 - 47224?
-61547
In base 8, what is -605310 + 1043?
-604245
In base 15, what is 18540 + 2545?
1aa85
In base 6, what is -320 - -251240?
250520
In base 16, what is 3 - 57e9c?
-57e99
In base 5, what is 24221314423 + 2?
24221314430
In base 8, what is -5 - -25645472?
25645465
In base 8, what is -1116711 - 13?
-1116724
In base 11, what is 158148 - -42?
15818a
In base 16, what is 3b6222b - 17?
3b62214
In base 5, what is 11014 - -4423201?
4434220
In base 5, what is -31 - -131241434?
131241403
In base 14, what is 2556c + -70?
254dc
In base 2, what is 101100010111100001 + -1111010000?
101100001000010001
In base 12, what is 2354 + 347?
269b
In base 6, what is -24 + -100431124?
-100431152
In base 16, what is -30 + -125846c?
-125849c
In base 3, what is -1120101002112222 - 12?
-1120101002120011
In base 7, what is -151535666 + -3?
-151536002
In base 10, what is -187960838 - -3?
-187960835
In base 9, what is -75 + -628525?
-628611
In base 7, what is 1532 - -54403?
56235
In base 8, what is -76120544 - -3?
-76120541
In base 4, what is -3302113221 + 1223?
-3302111332
In base 9, what is 2454663 - 6?
2454656
In base 13, what is 3 + 1a0c912b?
1a0c9131
In base 14, what is -55 + -67b81?
-67bd6
In base 4, what is -221 + 1132031102?
1132030221
In base 6, what is -43531 - 131?
-44102
In base 3, what is -2100221 - 12211012201?
-12220120122
In base 12, what is -181b53 - 3b?
-181b92
In base 6, what is -21333222 - -331?
-21332451
In base 12, what is -20201681 + 2?
-2020167b
In base 2, what is -1010001010011011001001001 + 0?
-1010001010011011001001001
In base 7, what is 1525 - -641433?
643261
In base 7, what is 3 + 153050516?
153050522
In base 13, what is -72 - -146419?
146377
In base 3, what is -10022122 - -200020202?
112221010
In base 2, what is 100000101111111100011100 - 110?
100000101111111100010110
In base 2, what is 1010100001100101111 + -1110?
1010100001100100001
In base 7, what is -322 - 643353?
-644005
In base 6, what is 53502153 + 10?
53502203
In base 11, what is 908 + -18000?
-171a3
In base 11, what is -15440 - -376?
-15075
In base 15, what is 56 + 23c86?
23cdc
In base 16, what is 5 + 1f8967?
1f896c
In base 9, what is 0 + -5375763?
-5375763
In base 6, what is 25050 - 34304?
-5214
In base 11, what is 28508a7 - -4?
2850900
In base 8, what is -177402 + -114?
-177516
In base 12, what is -31423 + -6?
-31429
In base 3, what is 12201000210211 - 101120?
12201000102021
In base 11, what is 36 - 120a880?
-120a845
In base 4, what is 111 - -22323300331?
22323301102
In base 16, what is -a82e6 + 71b?
-a7bcb
In base 5, what is 3340331101 + -3?
3340331043
In base 16, what is 204 + 222a3?
224a7
In base 11, what is -46564 - -416?
-46149
In base 15, what is -2 - 2cc004?
-2cc006
In base 9, what is 4 + 11438480?
11438484
In base 3, what is 111001200 - 220110220?
-102102020
In base 